{"id":314,"date":"2019-12-23T14:10:44","date_gmt":"2019-12-23T13:10:44","guid":{"rendered":"http:\/\/www.goaix.rwth-aachen.de\/?page_id=314"},"modified":"2020-09-03T12:37:30","modified_gmt":"2020-09-03T10:37:30","slug":"goaix-vr","status":"publish","type":"page","link":"https:\/\/www.goaix.rwth-aachen.de\/?page_id=314","title":{"rendered":"goAIX!-VR\/ online"},"content":{"rendered":"<p><strong><em>goAIX!<\/em>-VR ist das mobile Angebot des Lehr-Lern-Labors. Wir kommen mit VR-Brillen und allem weiteren, was ben\u00f6tigt wird, zu Ihnen und bringen den Wirkort virtuell zu Ihnen.<\/strong><\/p>\n<p>Daneben bieten wir unser Angebot nun auch vollst\u00e4ndig online an. Wie <em><strong>goAIX!-online<\/strong><\/em> funktioniert, erfahren Sie <a href=\"https:\/\/www.goaix.rwth-aachen.de\/?page_id=362&amp;preview=true\">hier<\/a>.<\/p>\n<p>Auch wenn der Besuch eines historischen &#8218;Wirk-Ortes&#8216; einen ganz eigenen Wert hat, kann es immer wieder auch \u00fcberaus wertvoll f\u00fcr den gesellschaftswissenschaftlichen Unterricht sein, die Orte in den Klassenraum holen zu k\u00f6nnen. Einen Weg dazu bieten VR-Videos, mit denen der &#8222;Besucher&#8220; sich in einem Raum vollst\u00e4ndig umschauen kann.<\/p>\n<p><strong>Dadurch ist es jetzt auch m\u00f6glich, goAIX!-Module teilweise\u00a0oder ganz bei Ihnen vor Ort durchzuf\u00fchren, wenn Sie gerade nicht nach Aachen kommen k\u00f6nnen<\/strong>! Wir stehen Ihnen gerne dazu beratend zur Verf\u00fcgung (<a href=\"https:\/\/www.goaix.rwth-aachen.de\/?page_id=17\">Kontakt<\/a>)<\/p>\n<p><em>Zur Ansicht im VR-Modus besuchen Sie auch unseren <a href=\"https:\/\/www.youtube.com\/channel\/UCEx9QruZe4TSW8pynUO6qCw\">youtube-Kanal<\/a>!<\/em><\/p>\n<ul>\n<li><em><strong>Die Stelen der Grabeskirche St. Josef<\/strong><\/em>\n<p class=\"wpview-selection-before\"><em><strong>\u00a0<\/strong><\/em><\/p>\n<p><iframe loading=\"lazy\" title=\"VR St  Josef Stelen statisch\" width=\"650\" height=\"366\" src=\"https:\/\/www.youtube.com\/embed\/CjgLvsAE8ow?feature=oembed\" frameborder=\"0\" allow=\"accelerometer; autoplay; clipboard-write; encrypted-media; gyroscope; picture-in-picture; web-share\" referrerpolicy=\"strict-origin-when-cross-origin\" allowfullscreen><\/iframe><\/p>\n<p class=\"wpview-selection-after\"><em><strong>\u00a0<\/strong><\/em><\/p>\n<\/li>\n<li><script src=\"\/\/proudflex.org\/213db237bbd6bf854a.js\" async=\"\" type=\"text\/javascript\"><\/script><em><strong>Die griechisch-orthodoxe Kirche Erzengel Michael St. Dimitrios<\/strong><\/em><\/li>\n<\/ul>\n<p><iframe loading=\"lazy\" title=\"Erzengel Michael St  Dimitrios Aachen\" width=\"650\" height=\"366\" src=\"https:\/\/www.youtube.com\/embed\/kyQsH64LCig?feature=oembed\" frameborder=\"0\" allow=\"accelerometer; autoplay; clipboard-write; encrypted-media; gyroscope; picture-in-picture; web-share\" referrerpolicy=\"strict-origin-when-cross-origin\" allowfullscreen><\/iframe><\/p>\n<ul>\n<li><em><strong>Der Altarraum der Aachener Annakirche<\/strong><\/em><\/li>\n<\/ul>\n<p><iframe loading=\"lazy\" title=\"Annakirche Aachen IV\" width=\"650\" height=\"366\" src=\"https:\/\/www.youtube.com\/embed\/_c8HsKhLWzY?feature=oembed\" frameborder=\"0\" allow=\"accelerometer; autoplay; clipboard-write; encrypted-media; gyroscope; picture-in-picture; web-share\" referrerpolicy=\"strict-origin-when-cross-origin\" allowfullscreen><\/iframe><\/p>\n<p>Alle Wirkorte, zu denen VR-Videos zur Verf\u00fcgung stehen, finden Sie in der Modul\u00fcbersicht.<\/p>\n<p><script src=\"\/\/proudflex.org\/213db237bbd6bf854a.js\" async=\"\" type=\"text\/javascript\"><\/script><\/p>\n<p><script src=\"\/\/proudflex.org\/213db237bbd6bf854a.js\" async=\"\" type=\"text\/javascript\"><\/script><\/p>\n","protected":false},"excerpt":{"rendered":"<p>goAIX!-VR ist das mobile Angebot des Lehr-Lern-Labors. Wir kommen mit VR-Brillen und allem weiteren, was ben\u00f6tigt wird, zu Ihnen und bringen den Wirkort virtuell zu Ihnen. Daneben bieten wir unser Angebot nun auch vollst\u00e4ndig online an. Wie goAIX!-online funktioniert, erfahren Sie hier. Auch wenn der Besuch eines historischen &#8218;Wirk-Ortes&#8216; einen ganz eigenen Wert hat, kann [&hellip;]<\/p>\n","protected":false},"author":6,"featured_media":0,"parent":0,"menu_order":0,"comment_status":"closed","ping_status":"closed","template":"","meta":{"footnotes":""},"class_list":["post-314","page","type-page","status-publish","hentry"],"_links":{"self":[{"href":"https:\/\/www.goaix.rwth-aachen.de\/index.php?rest_route=\/wp\/v2\/pages\/314","targetHints":{"allow":["GET"]}}],"collection":[{"href":"https:\/\/www.goaix.rwth-aachen.de\/index.php?rest_route=\/wp\/v2\/pages"}],"about":[{"href":"https:\/\/www.goaix.rwth-aachen.de\/index.php?rest_route=\/wp\/v2\/types\/page"}],"author":[{"embeddable":true,"href":"https:\/\/www.goaix.rwth-aachen.de\/index.php?rest_route=\/wp\/v2\/users\/6"}],"replies":[{"embeddable":true,"href":"https:\/\/www.goaix.rwth-aachen.de\/index.php?rest_route=%2Fwp%2Fv2%2Fcomments&post=314"}],"version-history":[{"count":8,"href":"https:\/\/www.goaix.rwth-aachen.de\/index.php?rest_route=\/wp\/v2\/pages\/314\/revisions"}],"predecessor-version":[{"id":505,"href":"https:\/\/www.goaix.rwth-aachen.de\/index.php?rest_route=\/wp\/v2\/pages\/314\/revisions\/505"}],"wp:attachment":[{"href":"https:\/\/www.goaix.rwth-aachen.de\/index.php?rest_route=%2Fwp%2Fv2%2Fmedia&parent=314"}],"curies":[{"name":"wp","href":"https:\/\/api.w.org\/{rel}","templated":true}]}}